{"id":16,"date":"2021-11-06T17:12:43","date_gmt":"2021-11-06T16:12:43","guid":{"rendered":"http:\/\/zastepchelmno.pl\/?page_id=16"},"modified":"2024-05-07T07:55:57","modified_gmt":"2024-05-07T06:55:57","slug":"kontakt","status":"publish","type":"page","link":"https:\/\/zastepchelmno.pl\/index.php\/kontakt\/","title":{"rendered":"Kontakt"},"content":{"rendered":"\t\t<div data-elementor-type=\"wp-page\" data-elementor-id=\"16\" class=\"elementor elementor-16\" data-elementor-post-type=\"page\">\n\t\t\t\t\t\t<section class=\"elementor-section elementor-top-section elementor-element elementor-element-8ad1603 elementor-section-boxed elementor-section-height-default elementor-section-height-default\" data-id=\"8ad1603\" data-element_type=\"section\">\n\t\t\t\t\t\t<div class=\"elementor-container elementor-column-gap-default\">\n\t\t\t\t\t<div class=\"elementor-column elementor-col-50 elementor-top-column elementor-element elementor-element-a252933\" data-id=\"a252933\" data-element_type=\"column\">\n\t\t\t<div class=\"elementor-widget-wrap elementor-element-populated\">\n\t\t\t\t\t\t<div class=\"elementor-element elementor-element-77f54fb elementor-widget elementor-widget-heading\" data-id=\"77f54fb\" data-element_type=\"widget\" data-widget_type=\"heading.default\">\n\t\t\t\t<div class=\"elementor-widget-container\">\n\t\t\t\t\t<h2 class=\"elementor-heading-title elementor-size-default\">Dane kontaktowe<\/h2>\t\t\t\t<\/div>\n\t\t\t\t<\/div>\n\t\t\t\t<div class=\"elementor-element elementor-element-94b0a28 elementor-widget elementor-widget-text-editor\" data-id=\"94b0a28\" data-element_type=\"widget\" data-widget_type=\"text-editor.default\">\n\t\t\t\t<div class=\"elementor-widget-container\">\n\t\t\t\t\t\t\t\t\t<p>Piotr Buli\u0144ski<\/p>\n<p>tel. <span dir=\"auto\"><span>509 338 839<\/span><\/span><\/p>\n<p>e-mail: <span class=\"d2edcug0 hpfvmrgz qv66sw1b c1et5uql lr9zc1uh a8c37x1j keod5gw0 nxhoafnm aigsh9s9 d3f4x2em fe6kdd0r mau55g9w c8b282yb iv3no6db jq4qci2q a3bd9o3v b1v8xokw oo9gr5id hzawbc8m\" dir=\"auto\"><span class=\"d2edcug0 hpfvmrgz qv66sw1b c1et5uql lr9zc1uh jq4qci2q a3bd9o3v b1v8xokw py34i1dx\"><a class=\"oajrlxb2 g5ia77u1 qu0x051f esr5mh6w e9989ue4 r7d6kgcz rq0escxv nhd2j8a9 nc684nl6 p7hjln8o kvgmc6g5 cxmmr5t8 oygrvhab hcukyx3x jb3vyjys rz4wbd8a qt6c0cv9 a8nywdso i1ao9s8h esuyzwwr f1sip0of lzcic4wl py34i1dx gpro0wi8\" href=\"mailto:p.bulinski@wp.pl\" role=\"link\" tabindex=\"0\" target=\"_blank\">p.bulinski@wp.pl<\/a><br><\/span><\/span><\/p><p><span class=\"d2edcug0 hpfvmrgz qv66sw1b c1et5uql lr9zc1uh a8c37x1j keod5gw0 nxhoafnm aigsh9s9 d3f4x2em fe6kdd0r mau55g9w c8b282yb iv3no6db jq4qci2q a3bd9o3v b1v8xokw oo9gr5id hzawbc8m\" dir=\"auto\"><span class=\"d2edcug0 hpfvmrgz qv66sw1b c1et5uql lr9zc1uh jq4qci2q a3bd9o3v b1v8xokw py34i1dx\">Adres: 86-200 Che\u0142mno, ul. Ko\u015bcielna 7<br><\/span><\/span><\/p>\n<p><br><span class=\"d2edcug0 hpfvmrgz qv66sw1b c1et5uql lr9zc1uh a8c37x1j keod5gw0 nxhoafnm aigsh9s9 d3f4x2em fe6kdd0r mau55g9w c8b282yb iv3no6db jq4qci2q a3bd9o3v b1v8xokw oo9gr5id hzawbc8m\" dir=\"auto\"><span class=\"d2edcug0 hpfvmrgz qv66sw1b c1et5uql lr9zc1uh jq4qci2q a3bd9o3v b1v8xokw py34i1dx\"><\/span><\/span><\/p>\t\t\t\t\t\t\t\t<\/div>\n\t\t\t\t<\/div>\n\t\t\t\t\t<\/div>\n\t\t<\/div>\n\t\t\t\t<div class=\"elementor-column elementor-col-50 elementor-top-column elementor-element elementor-element-b6d1877\" data-id=\"b6d1877\" data-element_type=\"column\">\n\t\t\t<div class=\"elementor-widget-wrap elementor-element-populated\">\n\t\t\t\t\t\t<div class=\"elementor-element elementor-element-3a60f15 elementor-widget elementor-widget-heading\" data-id=\"3a60f15\" data-element_type=\"widget\" data-widget_type=\"heading.default\">\n\t\t\t\t<div class=\"elementor-widget-container\">\n\t\t\t\t\t<h2 class=\"elementor-heading-title elementor-size-default\">Dane stowarzyszenia<\/h2>\t\t\t\t<\/div>\n\t\t\t\t<\/div>\n\t\t\t\t<div class=\"elementor-element elementor-element-b3f418f elementor-widget elementor-widget-text-editor\" data-id=\"b3f418f\" data-element_type=\"widget\" data-widget_type=\"text-editor.default\">\n\t\t\t\t<div class=\"elementor-widget-container\">\n\t\t\t\t\t\t\t\t\t<div align=\"center\">Zast\u0119p Rycerski z Che\u0142mna<\/div>\n<div align=\"center\">&nbsp;<\/div>\n<div align=\"center\">ul. Ko\u015bcielna 7<br><\/div>\n<div align=\"center\">86-200 Che\u0142mno<\/div>\n<div align=\"center\">&nbsp;<\/div>\n<div align=\"center\">&nbsp;NIP:8751391873<\/div>\n<div align=\"center\">&nbsp;<\/div>\n<div align=\"center\">Regon:871206767 &nbsp;KRS:0000004530<\/div>\t\t\t\t\t\t\t\t<\/div>\n\t\t\t\t<\/div>\n\t\t\t\t\t<\/div>\n\t\t<\/div>\n\t\t\t\t\t<\/div>\n\t\t<\/section>\n\t\t\t\t<section class=\"elementor-section elementor-top-section elementor-element elementor-element-eb46247 elementor-section-boxed elementor-section-height-default elementor-section-height-default\" data-id=\"eb46247\" data-element_type=\"section\">\n\t\t\t\t\t\t<div class=\"elementor-container elementor-column-gap-default\">\n\t\t\t\t\t<div class=\"elementor-column elementor-col-100 elementor-top-column elementor-element elementor-element-6707446\" data-id=\"6707446\" data-element_type=\"column\">\n\t\t\t<div class=\"elementor-widget-wrap elementor-element-populated\">\n\t\t\t\t\t\t<div class=\"elementor-element elementor-element-39428b3 elementor-widget elementor-widget-google_maps\" data-id=\"39428b3\" data-element_type=\"widget\" data-widget_type=\"google_maps.default\">\n\t\t\t\t<div class=\"elementor-widget-container\">\n\t\t\t\t\t\t\t<div class=\"elementor-custom-embed\">\n\t\t\t<iframe loading=\"lazy\"\n\t\t\t\t\tsrc=\"https:\/\/maps.google.com\/maps?q=%C5%9Aredniowieczna%20Osada%20Rycerska%20Che%C5%82mno&#038;t=m&#038;z=14&#038;output=embed&#038;iwloc=near\"\n\t\t\t\t\ttitle=\"\u015aredniowieczna Osada Rycerska Che\u0142mno\"\n\t\t\t\t\taria-label=\"\u015aredniowieczna Osada Rycerska Che\u0142mno\"\n\t\t\t><\/iframe>\n\t\t<\/div>\n\t\t\t\t\t\t<\/div>\n\t\t\t\t<\/div>\n\t\t\t\t\t<\/div>\n\t\t<\/div>\n\t\t\t\t\t<\/div>\n\t\t<\/section>\n\t\t\t\t<section class=\"elementor-section elementor-top-section elementor-element elementor-element-0811cab elementor-section-boxed elementor-section-height-default elementor-section-height-default\" data-id=\"0811cab\" data-element_type=\"section\">\n\t\t\t\t\t\t<div class=\"elementor-container elementor-column-gap-default\">\n\t\t\t\t\t<div class=\"elementor-column elementor-col-100 elementor-top-column elementor-element elementor-element-5b90ede\" data-id=\"5b90ede\" data-element_type=\"column\">\n\t\t\t<div class=\"elementor-widget-wrap elementor-element-populated\">\n\t\t\t\t\t\t<div class=\"elementor-element elementor-element-25e8c87 elementor-widget elementor-widget-spacer\" data-id=\"25e8c87\" data-element_type=\"widget\" data-widget_type=\"spacer.default\">\n\t\t\t\t<div class=\"elementor-widget-container\">\n\t\t\t\t\t\t\t<div class=\"elementor-spacer\">\n\t\t\t<div class=\"elementor-spacer-inner\"><\/div>\n\t\t<\/div>\n\t\t\t\t\t\t<\/div>\n\t\t\t\t<\/div>\n\t\t\t\t\t<\/div>\n\t\t<\/div>\n\t\t\t\t\t<\/div>\n\t\t<\/section>\n\t\t\t\t<section class=\"elementor-section elementor-top-section elementor-element elementor-element-f8305d6 elementor-section-boxed elementor-section-height-default elementor-section-height-default\" data-id=\"f8305d6\" data-element_type=\"section\">\n\t\t\t\t\t\t<div class=\"elementor-container elementor-column-gap-default\">\n\t\t\t\t\t<div class=\"elementor-column elementor-col-100 elementor-top-column elementor-element elementor-element-ec71950\" data-id=\"ec71950\" data-element_type=\"column\">\n\t\t\t<div class=\"elementor-widget-wrap elementor-element-populated\">\n\t\t\t\t\t\t<div class=\"elementor-element elementor-element-c9a7868 elementor-view-framed elementor-shape-circle elementor-widget elementor-widget-icon\" data-id=\"c9a7868\" data-element_type=\"widget\" data-widget_type=\"icon.default\">\n\t\t\t\t<div class=\"elementor-widget-container\">\n\t\t\t\t\t\t\t<div class=\"elementor-icon-wrapper\">\n\t\t\t<a class=\"elementor-icon\" href=\"https:\/\/pl-pl.facebook.com\/zastepchelmno\/\">\n\t\t\t<i aria-hidden=\"true\" class=\"fab fa-facebook-square\"><\/i>\t\t\t<\/a>\n\t\t<\/div>\n\t\t\t\t\t\t<\/div>\n\t\t\t\t<\/div>\n\t\t\t\t\t<\/div>\n\t\t<\/div>\n\t\t\t\t\t<\/div>\n\t\t<\/section>\n\t\t\t\t<\/div>\n\t\t","protected":false},"excerpt":{"rendered":"<p>Dane kontaktowe Piotr Buli\u0144ski tel. 509 338 839 e-mail: p.bulinski@wp.pl Adres: 86-200 Che\u0142mno, ul. Ko\u015bcielna 7 Dane stowarzyszenia Zast\u0119p Rycerski z Che\u0142mna &nbsp; ul. Ko\u015bcielna 7 86-200 Che\u0142mno &nbsp; &nbsp;NIP:8751391873 &nbsp; Regon:871206767 &nbsp;KRS:0000004530<\/p>\n","protected":false},"author":1,"featured_media":0,"parent":0,"menu_order":0,"comment_status":"closed","ping_status":"closed","template":"","meta":{"footnotes":""},"class_list":["post-16","page","type-page","status-publish","hentry"],"aioseo_notices":[],"yoast_head":"<!-- This site is optimized with the Yoast SEO plugin v18.8 - https:\/\/yoast.com\/wordpress\/plugins\/seo\/ -->\n<title>Kontakt - Zast\u0119p Rycerski z Che\u0142mna<\/title>\n<meta name=\"robots\" content=\"index, follow, max-snippet:-1, max-image-preview:large, max-video-preview:-1\" \/>\n<link rel=\"canonical\" href=\"https:\/\/zastepchelmno.pl\/index.php\/kontakt\/\" \/>\n<meta property=\"og:locale\" content=\"pl_PL\" \/>\n<meta property=\"og:type\" content=\"article\" \/>\n<meta property=\"og:title\" content=\"Kontakt - Zast\u0119p Rycerski z Che\u0142mna\" \/>\n<meta property=\"og:description\" content=\"Dane kontaktowe Piotr Buli\u0144ski tel. 509 338 839 e-mail: p.bulinski@wp.pl Adres: 86-200 Che\u0142mno, ul. Ko\u015bcielna 7 Dane stowarzyszenia Zast\u0119p Rycerski z Che\u0142mna &nbsp; ul. Ko\u015bcielna 7 86-200 Che\u0142mno &nbsp; &nbsp;NIP:8751391873 &nbsp; Regon:871206767 &nbsp;KRS:0000004530\" \/>\n<meta property=\"og:url\" content=\"https:\/\/zastepchelmno.pl\/index.php\/kontakt\/\" \/>\n<meta property=\"og:site_name\" content=\"Zast\u0119p Rycerski z Che\u0142mna\" \/>\n<meta property=\"article:modified_time\" content=\"2024-05-07T06:55:57+00:00\" \/>\n<meta name=\"twitter:card\" content=\"summary_large_image\" \/>\n<meta name=\"twitter:label1\" content=\"Szacowany czas czytania\" \/>\n\t<meta name=\"twitter:data1\" content=\"1 minuta\" \/>\n<script type=\"application\/ld+json\" class=\"yoast-schema-graph\">{\"@context\":\"https:\/\/schema.org\",\"@graph\":[{\"@type\":\"WebSite\",\"@id\":\"https:\/\/zastepchelmno.pl\/#website\",\"url\":\"https:\/\/zastepchelmno.pl\/\",\"name\":\"Zast\u0119p Rycerski z Che\u0142mna\",\"description\":\"Stowarzyszenie non-profit skupiaj\u0105ce si\u0119 na rekonstrukcji historycznej z okresu p&oacute;\u017anego \u015bredniowiecza.\",\"potentialAction\":[{\"@type\":\"SearchAction\",\"target\":{\"@type\":\"EntryPoint\",\"urlTemplate\":\"https:\/\/zastepchelmno.pl\/?s={search_term_string}\"},\"query-input\":\"required name=search_term_string\"}],\"inLanguage\":\"pl-PL\"},{\"@type\":\"WebPage\",\"@id\":\"https:\/\/zastepchelmno.pl\/index.php\/kontakt\/#webpage\",\"url\":\"https:\/\/zastepchelmno.pl\/index.php\/kontakt\/\",\"name\":\"Kontakt - Zast\u0119p Rycerski z Che\u0142mna\",\"isPartOf\":{\"@id\":\"https:\/\/zastepchelmno.pl\/#website\"},\"datePublished\":\"2021-11-06T16:12:43+00:00\",\"dateModified\":\"2024-05-07T06:55:57+00:00\",\"breadcrumb\":{\"@id\":\"https:\/\/zastepchelmno.pl\/index.php\/kontakt\/#breadcrumb\"},\"inLanguage\":\"pl-PL\",\"potentialAction\":[{\"@type\":\"ReadAction\",\"target\":[\"https:\/\/zastepchelmno.pl\/index.php\/kontakt\/\"]}]},{\"@type\":\"BreadcrumbList\",\"@id\":\"https:\/\/zastepchelmno.pl\/index.php\/kontakt\/#breadcrumb\",\"itemListElement\":[{\"@type\":\"ListItem\",\"position\":1,\"name\":\"Strona g\u0142\u00f3wna\",\"item\":\"https:\/\/zastepchelmno.pl\/\"},{\"@type\":\"ListItem\",\"position\":2,\"name\":\"Kontakt\"}]}]}<\/script>\n<!-- \/ Yoast SEO plugin. -->","yoast_head_json":{"title":"Kontakt - Zast\u0119p Rycerski z Che\u0142mna","robots":{"index":"index","follow":"follow","max-snippet":"max-snippet:-1","max-image-preview":"max-image-preview:large","max-video-preview":"max-video-preview:-1"},"canonical":"https:\/\/zastepchelmno.pl\/index.php\/kontakt\/","og_locale":"pl_PL","og_type":"article","og_title":"Kontakt - Zast\u0119p Rycerski z Che\u0142mna","og_description":"Dane kontaktowe Piotr Buli\u0144ski tel. 509 338 839 e-mail: p.bulinski@wp.pl Adres: 86-200 Che\u0142mno, ul. Ko\u015bcielna 7 Dane stowarzyszenia Zast\u0119p Rycerski z Che\u0142mna &nbsp; ul. Ko\u015bcielna 7 86-200 Che\u0142mno &nbsp; &nbsp;NIP:8751391873 &nbsp; Regon:871206767 &nbsp;KRS:0000004530","og_url":"https:\/\/zastepchelmno.pl\/index.php\/kontakt\/","og_site_name":"Zast\u0119p Rycerski z Che\u0142mna","article_modified_time":"2024-05-07T06:55:57+00:00","twitter_card":"summary_large_image","twitter_misc":{"Szacowany czas czytania":"1 minuta"},"schema":{"@context":"https:\/\/schema.org","@graph":[{"@type":"WebSite","@id":"https:\/\/zastepchelmno.pl\/#website","url":"https:\/\/zastepchelmno.pl\/","name":"Zast\u0119p Rycerski z Che\u0142mna","description":"Stowarzyszenie non-profit skupiaj\u0105ce si\u0119 na rekonstrukcji historycznej z okresu p&oacute;\u017anego \u015bredniowiecza.","potentialAction":[{"@type":"SearchAction","target":{"@type":"EntryPoint","urlTemplate":"https:\/\/zastepchelmno.pl\/?s={search_term_string}"},"query-input":"required name=search_term_string"}],"inLanguage":"pl-PL"},{"@type":"WebPage","@id":"https:\/\/zastepchelmno.pl\/index.php\/kontakt\/#webpage","url":"https:\/\/zastepchelmno.pl\/index.php\/kontakt\/","name":"Kontakt - Zast\u0119p Rycerski z Che\u0142mna","isPartOf":{"@id":"https:\/\/zastepchelmno.pl\/#website"},"datePublished":"2021-11-06T16:12:43+00:00","dateModified":"2024-05-07T06:55:57+00:00","breadcrumb":{"@id":"https:\/\/zastepchelmno.pl\/index.php\/kontakt\/#breadcrumb"},"inLanguage":"pl-PL","potentialAction":[{"@type":"ReadAction","target":["https:\/\/zastepchelmno.pl\/index.php\/kontakt\/"]}]},{"@type":"BreadcrumbList","@id":"https:\/\/zastepchelmno.pl\/index.php\/kontakt\/#breadcrumb","itemListElement":[{"@type":"ListItem","position":1,"name":"Strona g\u0142\u00f3wna","item":"https:\/\/zastepchelmno.pl\/"},{"@type":"ListItem","position":2,"name":"Kontakt"}]}]}},"_links":{"self":[{"href":"https:\/\/zastepchelmno.pl\/index.php\/wp-json\/wp\/v2\/pages\/16","targetHints":{"allow":["GET"]}}],"collection":[{"href":"https:\/\/zastepchelmno.pl\/index.php\/wp-json\/wp\/v2\/pages"}],"about":[{"href":"https:\/\/zastepchelmno.pl\/index.php\/wp-json\/wp\/v2\/types\/page"}],"author":[{"embeddable":true,"href":"https:\/\/zastepchelmno.pl\/index.php\/wp-json\/wp\/v2\/users\/1"}],"replies":[{"embeddable":true,"href":"https:\/\/zastepchelmno.pl\/index.php\/wp-json\/wp\/v2\/comments?post=16"}],"version-history":[{"count":22,"href":"https:\/\/zastepchelmno.pl\/index.php\/wp-json\/wp\/v2\/pages\/16\/revisions"}],"predecessor-version":[{"id":1008,"href":"https:\/\/zastepchelmno.pl\/index.php\/wp-json\/wp\/v2\/pages\/16\/revisions\/1008"}],"wp:attachment":[{"href":"https:\/\/zastepchelmno.pl\/index.php\/wp-json\/wp\/v2\/media?parent=16"}],"curies":[{"name":"wp","href":"https:\/\/api.w.org\/{rel}","templated":true}]}}